de 1007190?
True
Is 6 a factor of 116382?
True
Does 88 divide 3648480?
True
Does 9 divide 78805?
False
Is 577704 a multiple of 347?
False
Does 874 divide 27708966?
False
Is 70353 a multiple of 9?
True
Is 10 a factor of 62291?
False
Is 223917 a multiple of 6?
False
Does 1315 divide 17109465?
True
Is 833871 a multiple of 128?
False
Is 17 a factor of 43027?
True
Is 6 a factor of 12752?
False
Is 11 a factor of 385536?
False
Does 3 divide 11656?
False
Is 37 a factor of 155464?
False
Is 6 a factor of 13332?
True
Is 6 a factor of 760141?
False
Is 217248 a multiple of 186?
True
Is 14 a factor of 169736?
True
Is 2599879 a multiple of 20?
False
Is 158 a factor of 7318270?
False
Is 1158079 a multiple of 19?
False
Does 10 divide 347276?
False
Does 15 divide 171480?
True
Is 163 a factor of 651590?
False
Is 7 a factor of 154688?
False
Is 137400 a multiple of 415?
False
Does 275 divide 67650?
True
Is 262 a factor of 1171140?
True
Is 438 a factor of 3099288?
True
Does 223 divide 1327693?
False
Is 79 a factor of 3966511?
True
Does 291 divide 402744?
True
Is 6565177 a multiple of 119?
False
Is 41 a factor of 2752076?
False
Is 1602840 a multiple of 13?
False
Does 23 divide 11296?
False
Is 8 a factor of 715119?
False
Does 926 divide 1695506?
True
Does 153 divide 1463292?
True
Is 118235 a multiple of 13?
True
Does 93 divide 786479?
False
Does 116 divide 712488?
False
Is 2807106 a multiple of 82?
True
Is 19 a factor of 1609642?
True
Is 14240024 a multiple of 10?
False
Is 1785680 a multiple of 13?
True
Is 14 a factor of 28378?
True
Does 29 divide 437614?
False
Is 2 a factor of 2983720?
True
Does 58 divide 1285923?
False
Is 13238 a multiple of 81?
False
Is 27 a factor of 247374?
True
Is 9660 a multiple of 138?
True
Is 12275372 a multiple of 17?
False
Is 1064 a factor of 2137116?
False
Is 874 a factor of 3849970?
True
Is 4121129 a multiple of 10?
False
Is 13196 a multiple of 71?
False
Is 713460 a multiple of 230?
True
Does 11 divide 243873?
False
Is 3862318 a multiple of 57?
False
Is 27756 a multiple of 4?
True
Is 569888 a multiple of 176?
True
Is 8 a factor of 300504?
True
Does 12 divide 5472?
True
Does 500 divide 6851500?
True
Is 289 a factor of 701403?
True
Does 249 divide 78872?
False
Does 82 divide 254610?
True
Does 270 divide 133948?
False
Is 2894734 a multiple of 95?
False
Does 4 divide 21190?
False
Is 1038572 a multiple of 84?
False
Does 103 divide 1429640?
True
Does 594 divide 13668534?
True
Is 99 a factor of 5207697?
True
Does 111 divide 11768664?
True
Is 2626185 a multiple of 80?
False
Is 316837 a multiple of 101?
True
Is 1883059 a multiple of 2?
False
Does 2 divide 43598?
True
Is 23 a factor of 7163304?
True
Does 38 divide 51553?
False
Is 15169518 a multiple of 2106?
True
Is 238322 a multiple of 323?
False
Is 7515833 a multiple of 41?
True
Is 45 a factor of 10658?
False
Is 1527862 a multiple of 212?
False
Does 20 divide 1416480?
True
Is 86 a factor of 451306?
False
Is 307 a factor of 127098?
True
Does 18 divide 235458?
True
Is 20805640 a multiple of 1256?
True
Is 359775 a multiple of 15?
True
Does 6 divide 421527?
False
Does 345 divide 833298?
False
Does 8 divide 18326408?
True
Is 2 a factor of 1200521?
False
Is 107371 a multiple of 285?
False
Does 12 divide 2269656?
True
Is 73 a factor of 1986257?
True
Does 29 divide 2116043?
True
Is 68 a factor of 590477?
False
Does 13 divide 61594?
True
Is 29 a factor of 107044?
False
Does 9 divide 4122943?
False
Is 36 a factor of 5028080?
False
Is 160 a factor of 154240?
True
Is 50 a factor of 89800?
True
Does 35 divide 401170?
True
Is 563362 a multiple of 37?
True
Does 20 divide 1154634?
False
Is 2140796 a multiple of 88?
False
Does 8 divide 1181608?
True
Is 3979940 a multiple of 1412?
False
Is 1943299 a multiple of 313?
False
Does 67 divide 891318?
False
Does 11 divide 3175700?
True
Does 54 divide 214648?
False
Is 28 a factor of 4044343?
False
Is 20 a factor of 6331560?
True
Does 72 divide 1190520?
True
Is 324 a factor of 11340?
True
Is 17818990 a multiple of 5?
True
Does 50 divide 438079?
False
Is 177 a factor of 757383?
True
Is 1093212 a multiple of 12?
True
Is 29 a factor of 255107?
False
Is 60801 even?
False
Is 197627 a multiple of 13?
False
Is 41 a factor of 102459?
True
Is 12230634 a multiple of 78?
True
Does 4 divide 3035788?
True
Is 105552 a multiple of 18?
True
Is 13 a factor of 259070?
False
Is 11 a factor of 56810?
False
Does 34 divide 3291985?
False
Is 3267150 a multiple of 30?
True
Is 348237 a multiple of 32?
False
Is 629431 a multiple of 173?
False
Is 271 a factor of 4326375?
False
Is 16744179 a multiple of 1892?
False
Does 616 divide 3746323?
False
Is 22573044 a multiple of 46?
False
Does 156 divide 489999?
False
Is 10 a factor of 2414270?
True
Is 9 a factor of 110275?
False
Does 41 divide 53710?
True
Is 122744 a multiple of 134?
True
Is 67982 a multiple of 12?
False
Is 4 a factor of 59886?
False
Is 13 a factor of 1093677?
True
Is 724 a factor of 611614?
False
Is 108 a factor of 5607684?
True
Is 717631 a multiple of 128?
False
Is 643 a factor of 18980074?
True
Does 17 divide 35598?
True
Is 1926339 a multiple of 19?
False
Does 17 divide 6361502?
True
Does 184 divide 199272?
True
Does 12 divide 4296?
True
Does 24 divide 2225712?
True
Does 407 divide 840048?
True
Does 31 divide 1897014?
True
Is 131 a factor of 751809?
True
Does 807 divide 3915564?
True
Is 19164330 a multiple of 30?
True
Is 8 a factor of 12919?
False
Is 33 a factor of 12750309?
True
Does 334 divide 7624?
False
Does 84 divide 223892?
False
Is 6206 a multiple of 107?
True
Is 209 a factor of 3864554?
False
Is 649021 a multiple of 23?
False
Does 7 divide 216006?
True
Is 76156 a multiple of 3?
False
Is 351045 a multiple of 27?
False
Does 471 divide 5018217?
False
Is 59805 a multiple of 101?
False
Is 2917584 a multiple of 144?
True
Is 131 a factor of 123501?
False
Is 4 a factor of 230356?
True
Is 10 a factor of 515390?
True
Is 112 a factor of 1030504?
False
Is 354705 a multiple of 221?
True
Is 133 a factor of 5475078?
True
Does 142 divide 5762786?
True
Does 189 divide 490077?
True
Is 26530 a multiple of 10?
True
Does 26 divide 5308030?
True
Does 7 divide 3989483?
False
Is 51 a factor of 206469?
False
Is 2016598 a multiple of 226?
True
Is 139386 a multiple of 25?
False
Does 47 divide 137920?
False
Is 152855 a multiple of 5?
True
Is 239737 a multiple of 32?
False
Does 835 divide 4144105?
True
Is 2372867 a multiple of 31?
False
Is 6 a factor of 455886?
True
Does 5 divide 596329?
False
Is 3953592 a multiple of 36?
True
Is 59689 a multiple of 7?
True
Is 117662 a multiple of 48?
False
Does 47 divide 170516?
True
Is 17 a factor of 17324?
False
Is 92 a factor of 656864?
False
Does 44 divide 89665?
False
Is 3013535 a multiple of 145?
True
Is 5 a factor of 61725?
True
Does 85 divide 199626?
False
Is 58 a factor of 100959?
False
Is 16 a factor of 7617392?
True
Does 10 divide 42450?
True
Is 18098216 a multiple of 808?
False
Does 59 divide 757239?
False
Is 48 a factor of 2282496?
True
Does 666 divide 932400?
True
Is 1327025 a multiple of 5?
True
Is 88340 a multiple of 5?
True
Is 161 a factor of 253542?
False
Does 7 divide 617113?
True
Is 2165422 a multiple of 1129?
True
Is 483360 a multiple of 304?
True
Is 6 a factor of 8058?
True
Is 1599504 a multiple of 37?
False
Is 635866 a multiple of 154?
True
Does 52 divide 12065664?
True
Is 2131949 a multiple of 5?
False
Does 308 divide 4367440?
True
Is 56232 a multiple of 44?
True
Is 1259441 a multiple of 27?
False
Is 4837803 a multiple of 376?
False
Is 9379674 a multiple of 1701?
False
Is 39 a factor of 1534806?
True
Is 151 a factor of 827434?
False
Does 3 divide 2793?
True
Is 783336 a multiple of 24?
True
Is 3443780 a multiple of 63?
False
Is 12046599 a multiple of 6?
False
Is 2189418 a multiple of 677?
True
Does 28 divide 166544?
True
Does 113 divide 908068?
True
Is 22 a factor of 1239172?
True
Is 4269719 a multiple of 311?
True
Is 28 a factor of 242569?
False
Is 298216 a multiple of 110?
False
Does 13 divide 60949?
False
Does 280 divide 4252920?
True
Does 20 divide 4031540?
True
Is 101 a factor of 276336?
True
Does 32 divide 135552?
True
Is 88 a factor of 13723546?
False
Does 13 divide 323765?
True
Is 15 a factor of 2689284?
False
Does 123 divide 3455198?
False
Is 924436 a multiple of 102?
False
Is 92 a fact